 l(v) be the second derivative of 19 + 1/20*v**5 - 1/6*v**3 - 3/2*v**2 - v + 1/2*v**4. What is l(u)?
3
Let p(v) be the second derivative of -v**4/12 + 11*v**3/3 - 11*v**2 + 2*v. Let q be p(21). Let a(t) = 8*t**2 - 3*t**2 + 4*t - 5*t - t**2 - 1. What is a(q)?
4
Let y(o) = -3*o + 6. Suppose 3*s = -0*s - 9, -15 = -2*z + s. Suppose 3*t + 4 + 7 = h, -2*h - 2*t + z = 0. Calculate y(h).
-9
Let o(x) = -3*x + 1. Let y(s) be the third derivative of 0 + 0*s + 19*s**2 + 1/6*s**3 - 5/24*s**4. Let j(k) = 11*o(k) - 6*y(k). Give j(-5).
20
Let j(q) = 23*q - 383 + 824 - 431. Calculate j(-2).
-36
Let q(s) be the second derivative of s**5/20 - s**4/4 + 3*s**2/2 + 2*s + 60. Suppose -5*t = -4*x - 3, -2*x + 9 = 4*t - 9. Calculate q(t).
3
Let z(n) be the first derivative of n**6/360 + n**5/24 - 7*n**4/24 + 32*n**3/3 + 34. Let i(m) be the third derivative of z(m). Determine i(-6).
-1
Let u(y) = 18*y - 7*y + 4*y + 8 - 8*y**2 + 7 - y**3 + 6. Calculate u(-9).
-33
Let n(p) = p**3 - 4*p**2 + 3*p. Let t = 9868 - 9844. Suppose 4*c + 7 = 5*i - 90, -i - 2*c + 25 = 0. Suppose -t + i = -q. What is n(q)?
0
Let g(v) be the first derivative of 3*v**2/2 - v + 2. Let b = 1021 - 1018. Determine g(b).
8
Let c(t) = -t**2 - t + 12. Let s be 1 - -1 - 0 - 183. Let a = -181 - s. What is c(a)?
12
Let x(b) = 9*b + 2. Suppose 0 = -q + 3*j + 7, -2*j - 23 = 4*q - 37. Determine x(q).
38
Let f be -5*1*(-516)/645. Let l(s) be the first derivative of -s**3/2 + s**2 + s - 2. Let b(m) be the first derivative of l(m). Calculate b(f).
-10
Let x(u) be the first derivative of -u**4/4 - 8*u**3/3 - 3*u**2 + 9*u - 3. Let c be x(-7). Let j(g) = 3 - 4*g + c - 5. Give j(-4).
16
Let w(q) = 5*q - 1. Let x be 9/(-63) + (81/(-21) - -2). What is w(x)?
-11
Let l(z) be the first derivative of z**4/24 - 7*z**3/6 + 51*z**2 + 12. Let x(y) be the second derivative of l(y). Calculate x(9).
2
Let w(d) = 21287826*d**3 - 21287825*d**3 - 36*d**2 - 234 - 32*d - d**2. Give w(38).
-6
Let c = 1126 + -788. Let d = c + -331. Let k(m) = -m**2 + 5*m - 3. Calculate k(d).
-17
Let r be (0 + (-6)/8)*40/(-30). Let x(n) = 81*n - r - 170*n + 88*n. Calculate x(6).
-7
Let o(n) = -n**3 - 23*n**2 - 128*n + 31. Let x be o(-13). Let g(j) = -j**2 + 6*j - 10. What is g(x)?
-5
Let a be (-10)/(-6) + 1696/(-159). Let g(r) = -11 - r - 2*r + r. Let o be g(a). Let y(n) = -n**2 + 5*n + 5. Determine y(o).
-9
Let i(j) be the second derivative of 0 + 9/2*j**2 + 2/3*j**4 - 1/20*j**5 - j - 3/2*j**3. Suppose -10*x = 41*q - 38*q - 151, 2*q + 2*x = 40. What is i(q)?
-5
Let p(z) = -19*z**2 + 8*z + 1. Let t(c) = 7*c - 1. Let v be t(1). Let o(y) = y**2 + 9*y + 224 - 223 - 21*y**2. Let j(n) = v*o(n) - 7*p(n). Calculate j(-1).
14
Let c(o) = -o**2 - 4*o - 5. Suppose 3*k - 962 = -5*r, -3*r + 584 = -0*r - 5*k. Let n = 189 - r. Calculate c(n).
-5
Let h(o) be the first derivative of o**4/4 - 8*o**3/3 - o**2/2 + 12*o + 3791. Determine h(8).
4
Let p(l) = 7*l**3 + l**2 + l + 1. Let r be ((-12)/(2 - 0))/(-2) + 32. Suppose 0 = 5*j - r + 15. Suppose 5 - 9 = j*k. What is p(k)?
-6
Let n(c) = c**2 + 9*c - 22. Suppose -39 = 4*j + p, -j + 73*p - 26 = 70*p. Give n(j).
0
Suppose -5*h + 8 = 3*s, 9*h + 5*s = 11*h - 28. Let y(x) = -3*x**2 - 14*x - 8. Let m(u) = 4*u**2 + 15*u + 11. Let v(n) = h*m(n) + 5*y(n). Calculate v(8).
-12
Let a(r) = -19*r**2 + 15*r + 34. Let b(u) = -23*u**2 + 16*u + 36. Let m(l) = 6*a(l) - 5*b(l). Determine m(-7).
3
Let f(j) = 3*j - 6. Let p be (-54)/(-3) + -10 + -12. Calculate f(p).
-18
Let u(v) be the third derivative of -v**4/24 + 11*v**3/6 + 29*v**2. Let t be (1428/(-85))/(2/(-10)). Let h = -74 + t. Calculate u(h).
1
Let n(w) = -w**2 + 5*w. Suppose 6*k = -452 + 464. Suppose -11 = -5*m - 0*r - k*r, 0 = -4*m - 4*r + 4. What is n(m)?
6
Let u be -4 + (-1664)/(-120) + -10 + 124/30. Let l(i) = -i**2 + i + 4. What is l(u)?
-8
Suppose 1544*j = 1588*j - 3652. Let g = -29 - -107. Let z = j - g. Let t(d) = 2*d - 11. Calculate t(z).
-1
Let o be ((-2)/(-3))/(((-70)/(-7))/30). Let g(w) = -1012*w + 1012*w + w**o. Determine g(-1).
1
Suppose 2 + 13 = x. Let s(t) be the second derivative of t**5/20 - 4*t**4/3 + 8*t**3/3 - 6*t**2 + 661*t. Give s(x).
3
Suppose -3*y - 15 = 0, -2*m + y - 4 = -3. Let x(d) be the third derivative of -d**4/24 + 5*d**3/6 + 296*d**2. Determine x(m).
8
Let r(f) be the second derivative of f**4/12 + f**3 - 4*f**2 + 156*f. Let d be 12*1/15 + 34/(-5). Determine r(d).
-8
Let f(h) = h**3 + 15*h**2 + 57*h + 21. Let d be 5/(-75)*-2 - (-1370)/(-150). Determine f(d).
-6
Let b(h) = -3*h**2 + 3*h. Let w(a) = 10*a**2 + 13*a + 105. Let k(z) = -3*b(z) - w(z). Determine k(-12).
15
Let z(q) be the third derivative of q**6/360 + q**5/40 - 11*q**4/24 + 5*q**3/3 - 162*q**2. Let w(u) be the first derivative of z(u). What is w(-6)?
7
Let a(v) = 10*v**2 - 149*v - 13. Let t be a(15). Let q(z) = -2 + z - t*z + 3 - 2. Calculate q(14).
-15
Suppose -10*q + 450 = 250. Suppose -c = -3*l + q + 11, -c = 3*l - 23. Let m(a) = -a**3 + 9*a**2 + 5. Calculate m(l).
5
Suppose 26 = z + z. Let b(f) = -223 + 0*f**3 - 15*f**2 + 2*f**2 + f**3 + f + 413 - 205. Calculate b(z).
-2
Let z = -9 + 15. Let n(r) = 6*r + 9*r**2 - 9*r - r - 4*r - 2*r**2 + 2 - r**3. Give n(z).
-10
Let u(g) be the second derivative of 19/12*g**4 + 0 - 10/3*g**3 - 12*g - 2*g**2 + 1/20*g**5. Let b be u(-20). Let p(o) = o + 4. What is p(b)?
0
Let r(q) = 2*q**2 - 49*q + 57. Suppose 211 + 100 = 17*x - 80. Calculate r(x).
-12
Suppose 371 = 9*y - 259. Suppose -34*q = -29*q - y. Let k(x) = -x + 8. Calculate k(q).
-6
Let y = 625 - 822. Let b = y - -201. Let u(n) = n**2 - 2*n + 3. Give u(b).
11
Suppose -84*p + 89*p - 3 = -r, -3*r + 4*p = 10. Let b(v) = -56*v - 20. Give b(r).
92
Let y(f) = 4638*f - 9260*f + f**3 - 9*f**2 + 2 + 4621*f. Calculate y(9).
-7
Let t(d) = d**3 + 15*d**2 + 14*d + 8. Suppose -42*c - 222 - 103 = 263. What is t(c)?
8
Let o(i) be the third derivative of 5*i**4/12 - 11*i**3/6 - 463*i**2. Give o(2).
9
Let v(h) be the second derivative of -11*h**3/3 - 9*h**2/2 - 842*h. Give v(-4).
79
Let v(w) = -w + 6. Suppose 4*d - 455 = m - 4*m, 4*d + 5*m - 465 = 0. Suppose 0 = -r - j + 6*j + d, 0 = 5*r + 2*j - 685. Let n = r + -132. Determine v(n).
3
Let q(d) = d**3 + 7*d**2 - 11*d - 2. Let a be ((-8 - -8) + -4)*1. Let t be 13/(130/a)*20. What is q(t)?
22
Let l(k) = -k**2 - 4*k + 8. Let n be (-3)/6*(32 - 24). Suppose -r - 6 = -5*u + 16, 17 = -r + 4*u. Let b be (2 - r/6) + 30/n. Determine l(b).
-4
Let k(p) = -p + 0*p + 23*p**3 - 34*p**3 + 18*p**3. Suppose -2 = t - 7*u + 4*u, -7 = -3*t - 4*u. Give k(t).
6
Let l(b) = -b - 1. Let s(j) = 8*j**2 - 47*j - 6. Let f be s(3). Let h(c) = -3*c**2 - 5*c. Let n be h(4). Let k = n - f. Give l(k).
-8
Suppose 205*o + 1318 = 498. Let y(h) = h - 75. Give y(o).
-79
Suppose 0 = -12*m - 69 + 52 - 103. Let o(z) = 7*z + 82. What is o(m)?
12
Let m(u) = u. Let h(b) = b**2 - 9*b + 1. Let l(z) = h(z) + m(z). Suppose 0*f - 152 = -4*f + 2*p, -4*p - 114 = -3*f. Let d = 45 - f. Give l(d).
-6
Let k(u) = -11*u**2 + 3*u + 1. Let d(o) = -54*o**2 + 16*o + 5. Let t(n) = 2*d(n) - 11*k(n). Suppose -47*f = -54*f - 2*z + 5, -3*f + 27 = 5*z. Determine t(f).
13
Let w(l) = l - 12. Let q be (784/(-14))/14 - -4. Determine w(q).
-12
Let l be 6/4*(-7 + 3)/(18/12). Let c(g) = 10*g + 1. Determine c(l).
-39
Let t(h) = 500*h - 4502. Let g be t(9). Let n(d) = 7*d**2 + 4*d + 7. What is n(g)?
27
Let j(c) = 96*c - 17096. Let d be j(178). Let r(i) = -10*i + 24. Determine r(d).
104
Let h(p) be the third derivative of 0*p**3 + 0 - 1/12*p**4 - 56*p**2 + 0*p. Suppose 3*j - j = 2*g, 5*g = 2*j - 12. Determine h(g).
8
Suppose 5*r - g = 512 - 504, 0 = -5*r + 4*g + 2. Let d(w) = 0*w**2 - 4 + 1 + 3*w + 6*w**2. Determine d(r).
27
Let v(j) = -4 - 97*j + 3 + 96*j. Let z be v(-7). Let q(i) be the first derivative of i**4/4 - 7*i**3/3 + 3*i**2/2 + 5*i - 4. Calculate q(z).
-13
Let l(j) = j**3 - 7*j**2 + 5*j. Let k = 45 + -43. Let u be (-4)/k*6/(-4). Suppose -s - 4 = -o, u*s = -2*s + 10. Calculate l(o).
-6
Let n be -24*(1344/63)/32. Let f(q) = -q**3 - 17*q**2 - 16*q + 1. Calculate f(n).
1
Let b = 442 - 438. Let u(j) = -j**2 + 2*j + 2. Calculate u(b).
-6
Let x be (13 - -3)/(7/(-4) - -2). Let d = x + -63. Let w(h) be the third derivative of 17*h**5/60 + h**4/24 - h**3/6 + 11*h**2. Calculate w(d).
17
Suppose -o + 19 = -3*s, -28*o + 21 = -3*s - 25*o. Let g(l